4 - 14232022?
-14232013
In base 16, what is 41ee33 + 18?
41ee4b
In base 11, what is -8 - -360086?
360079
In base 9, what is 5428 - -1338?
6767
In base 16, what is -1003f - -15?
-1002a
In base 11, what is 6aa - 71659?
-70a5a
In base 16, what is -799b9 + -db?
-79a94
In base 14, what is -b411633 - -5?
-b41162c
In base 16, what is -6361 + -4d91?
-b0f2
In base 16, what is 795 - -144?
8d9
In base 9, what is -145655 + -14738?
-161504
In base 12, what is -77ab + 168?
-7643
In base 13, what is 2 + -a1b9c?
-a1b9a
In base 3, what is -202211 - 1102222021?
-1110202002
In base 13, what is -26cb5b16 - 4?
-26cb5b1a
In base 4, what is -103233320 - -1321?
-103231333
In base 15, what is -25 - -375cb0?
375c8a
In base 16, what is -82 - -541a0?
5411e
In base 6, what is -4053011152 + 2?
-4053011150
In base 11, what is 137 - 127?
10
In base 14, what is -2 - cd42269?
-cd4226b
In base 13, what is 16a - 62c9?
-615c
In base 3, what is 12 + -200211101111102?
-200211101111020
In base 7, what is -2223035 + -2013?
-2225051
In base 11, what is -418 - 13a3a6?
-13a813
In base 13, what is 868335a + -3?
8683357
In base 2, what is 111010111101 + -100001110010?
11001001011
In base 13, what is 10 - 33ba14?
-33ba04
In base 16, what is 329 + c93b6?
c96df
In base 2, what is -1 - 111101011000010?
-111101011000011
In base 12, what is -2 + -62864a29?
-62864a2b
In base 14, what is 2928 - -26a20?
29548
In base 9, what is 21 + -11356333?
-11356312
In base 14, what is 1484c + 81?
148cd
In base 11, what is -94 + -31a06?
-31a9a
In base 6, what is -110134323 + -12?
-110134335
In base 11, what is 5 + -18071473?
-18071469
In base 4, what is 13220210 - -1023?
13221233
In base 13, what is 4c3612 + 308?
4c391a
In base 10, what is -14482 + -1127?
-15609
In base 5, what is 122320243 - -12?
122320310
In base 14, what is 5371 - 338?
5037
In base 16, what is -1fcce6 - 4?
-1fccea
In base 15, what is 3839 + -695?
3194
In base 13, what is -29 + -50468?
-50494
In base 4, what is -332101 - -122121?
-203320
In base 8, what is -40243055 - -27?
-40243026
In base 5, what is 0 - -31242234302?
31242234302
In base 14, what is -327c3 + 1b1?
-32612
In base 8, what is 6630067 + 2?
6630071
In base 15, what is 9ee - 27da?
-1cdb
In base 16, what is b38 - 12cde?
-121a6
In base 11, what is 17 + 2921a70?
2921a87
In base 4, what is -113203203302300 - -3?
-113203203302231
In base 12, what is 26a528 - 43a?
26a0aa
In base 10, what is 893717 + -5?
893712
In base 12, what is 465 + 271145?
2715aa
In base 15, what is 1d - 5c9eb7?
-5c9e99
In base 2, what is 100100100010111 - 1110101?
100100010100010
In base 7, what is -124500122221 + 1?
-124500122220
In base 8, what is -11612134 + -10?
-11612144
In base 15, what is 8c841952 - -2?
8c841954
In base 14, what is 13c + -36903?
-367a5
In base 4, what is 1323 + 2001230320?
2001232303
In base 6, what is -23 - -100452332?
100452305
In base 8, what is -16 + 11252774?
11252756
In base 14, what is -27d6316 - -2?
-27d6314
In base 15, what is 31b8dce - -5?
31b8dd4
In base 3, what is 202201121102 - 0?
202201121102
In base 5, what is -1203342 + -103200?
-1312042
In base 16, what is 1587327 + 9?
1587330
In base 10, what is 11 + 17386522?
17386533
In base 13, what is 4b04a - 10?
4b03a
In base 13, what is -9720b - 61?
-9726c
In base 10, what is 298 + 10113?
10411
In base 7, what is -4520 + 3646?
-541
In base 10, what is 49801 + -62?
49739
In base 8, what is 4042601 - 12?
4042567
In base 16, what is -14 - 48e0a1?
-48e0b5
In base 4, what is 11301230 - 2103?
11233121
In base 13, what is -2 - -71ab7?
71ab5
In base 11, what is -245667 + 16a?
-2454a8
In base 11, what is 2 - -2379179?
2379180
In base 6, what is 142555 + -2042?
140513
In base 10, what is -19151568 + 3?
-19151565
In base 15, what is ead4b - -6?
ead52
In base 12, what is 10 - -2365292?
23652a2
In base 11, what is -4 + 390a60?
390a57
In base 13, what is 2b + -293636?
-293608
In base 15, what is -6 - -3842b1?
3842aa
In base 6, what is -32155030450 + -3?
-32155030453
In base 13, what is 2 - 57b91475?
-57b91473
In base 6, what is -120 + -55255031?
-55255151
In base 4, what is 3 + 10103010232111?
10103010232120
In base 2, what is -1100101 + -101011000101101?
-101011010010010
In base 15, what is 22 + -159035?
-159013
In base 6, what is 35 + 20203400?
20203435
In base 13, what is -7b86 + a61?
-7125
In base 2, what is 1010000 + 100101000011001111?
100101000100011111
In base 2, what is 110001000 - 101111000101101001?
-101110111111100001
In base 7, what is -5 - 330003652?
-330003660
In base 4, what is 1120 + 1021331201?
1021332321
In base 15, what is 2c9bd + -486?
2c537
In base 2, what is -11010011001001100 + -1111011000?
-11010101000100100
In base 2, what is 10000101100001011001 - 110101?
10000101100000100100
In base 4, what is -1 - 101111002231?
-101111002232
In base 11, what is 1a8 - -59a513?
59a710
In base 8, what is -10 - -1356146?
1356136
In base 4, what is 10 + 20223122210?
20223122220
In base 3, what is -2022212201211 - 100?
-2022212202011
In base 15, what is -5b3 - ad3a?
-b3ed
In base 8, what is -155742 + -167?
-156131
In base 4, what is 12213310121 + -10?
12213310111
In base 8, what is 14225 + 1267?
15514
In base 2, what is 11000111001001110111110101 + 100?
11000111001001110111111001
In base 5, what is 24 - -400000302?
400000331
In base 12, what is -5a92a + 622?
-5a308
In base 7, what is 102410 + -253?
102124
In base 16, what is 712581 + -1?
712580
In base 4, what is -2 + -13221130310?
-13221130312
In base 6, what is -451051320 + -10?
-451051330
In base 10, what is 325 + 117841?
118166
In base 13, what is 1 + 870080?
870081
In base 6, what is -33015405 + 21?
-33015344
In base 5, what is -233344323404 - -1?
-233344323403
In base 3, what is -120121021220 - 101?
-120121022021
In base 15, what is -18898 - d73?
-1971b
In base 13, what is c3a + 22836?
23773
In base 8, what is 0 - 435105132?
-435105132
In base 13, what is 134852 + 2?
134854
In base 4, what is 3 - -200212120232?
200212120301
In base 8, what is 71 - 11731270?
-11731177
In base 5, what is 24 - -34002244310?
34002244334
In base 16, what is 194d3 + -223?
192b0
In base 14, what is -63b - -b350?
ab13
In base 13, what is 4 - -17b2a972?
17b2a976
In base 16, what is -62 + 345f1c?
345eba
In base 14, what is 1 + 727d0d?
727d10
In base 16, what is 546 - -403?
949
In base 14, what is 339b059b + 0?
339b059b
In base 3, what is -10121 + 210201121102?
210201110211
In base 6, what is -30 + 1342210053?
1342210023
In base 9, what is 1021 - -1328371?
1330402
In base 6, what is -10510 - -310531?
300021
In base 14, what is 1d0 - -465c?
484c
In base 4, what is -1202011320 - -103130?
-1201302130
In base 9, what is -1758 + 3013?
1144
In base 8, what is 140 + -1061375?
-1061235
In base 12, what is -9 - -82b4906?
82b48b9
In base 3, what is 100 + 101112011120222?
101112011121022
In base 5, what is -4 + 323000431443?
323000431434
In base 4, what is 100111330 - 20032?
100031232
In base 4, what is 10111233123 + -120?
10111233003
In base 11, what is 48 - -2784a6?
278543
In base 10, what is -4 - 183286?
-183290
In base 15, what is 2 - -552a9d3?
552a9d5
In base 4, what is 23 - 1112311121?
-1112311032
In base 11, what is -26 + -96122?
-96148
In base 11, what is 259915a + -76?
2599094
In base 7, what is 41224032 + 50?
41224112
In base 7, what is -403066201 + -2?
-403066203
In base 10, what is 187 + -60744?
-60557
In base 3, what is 2110022120011 + 10212?
2110022201000
In base 13, what is c615 - -4a4?
cab9
In base 4, what is 220212333120 + 10?
220212333130
In base 2, what is 101 + 1001010110011101000001?
1001010110011101000110
In base 2, what is -110100 + 1001111111010011110?
1001111111001101010
In base 11, what is 1 - 17437243?
-17437242
In base 11, what is 951 - 2204?
-1363
In base 12, what is 67 + -187496?
-18742b
In base 11, what is 15228 - 300?
14a28
In base 12, what is -2a3b888 + -28?
-2a3b8b4
In base 5, what is 14233 - 1203?
13030
In base 6, what is -43012351 + 53?
-43012254
In base 7, what is -4 - 34650320?
-34650324
In base 2, what is 1100001001000100100001 - -100?
1100001001000100100101
In base 6, what is -13 - -120335025?
120335012
In base 7, what is 5065 - -354612?
363010
In base 7, what is 11 - 1016332464?
-1016332453
In base 2, what is -111010111001010111000 - -1?
-111010111001010110111
In base 16, what is